a?
-104745
In base 9, what is -2742 + 14880?
12137
In base 4, what is 2 + -1032023230033?
-1032023230031
In base 5, what is 24344 - -3142434?
3222333
In base 13, what is 338 - -cca28?
100063
In base 6, what is -2052123 - 1552?
-2054115
In base 3, what is 1020211102 - -11121021?
1102102200
In base 2, what is -1011010111111010001110101 - 10?
-1011010111111010001110111
In base 13, what is 10 + -1ab15c3?
-1ab15b3
In base 8, what is 1347 + -36741?
-35372
In base 8, what is -1410010712 + 0?
-1410010712
In base 12, what is 11b86 + 23893?
35859
In base 3, what is 1221102 - 2102210?
-111101
In base 2, what is -100 - -101100101100011001101011?
101100101100011001100111
In base 4, what is 3 - 110002332233?
-110002332230
In base 13, what is 4 - 56b28?
-56b24
In base 8, what is 2 - 11630445?
-11630443
In base 15, what is -2 - -178b68?
178b66
In base 5, what is -1030210 - -320232?
-204423
In base 8, what is -362 - 340236?
-340620
In base 2, what is 10111101111010000 - 1101001101100?
10110000101100100
In base 10, what is -24 - -4770842?
4770818
In base 7, what is -1206 - 2322623?
-2324132
In base 7, what is 4 + 4244556102?
4244556106
In base 4, what is 32332 + -311122002?
-311023010
In base 2, what is -101 - -1111101001100001110100?
1111101001100001101111
In base 4, what is 10322122 - 312123?
10003333
In base 12, what is 9aa634 - 0?
9aa634
In base 10, what is 73639 + -3186?
70453
In base 10, what is -3 + -26184802?
-26184805
In base 9, what is 67463 + 358?
67832
In base 5, what is 0 - -24003223?
24003223
In base 9, what is -7 + 3750000?
3748882
In base 3, what is 220002012 + 10001202?
1000010221
In base 6, what is -44 + 1503134?
1503050
In base 8, what is -257305025 - 2?
-257305027
In base 10, what is -55 + -161381?
-161436
In base 12, what is -2 + 1167a0b?
1167a09
In base 7, what is 252 + 663655?
664240
In base 11, what is -15614610 - 3?
-15614613
In base 13, what is -420662 + a3?
-42058c
In base 8, what is 14 - -47370534?
47370550
In base 4, what is -112110303222 + 1012?
-112110302210
In base 4, what is -230 + -333111200?
-333112030
In base 16, what is -2bf7 + 1c5?
-2a32
In base 3, what is 10 + 1021100001220102?
1021100001220112
In base 11, what is 9 - -632312?
632320
In base 9, what is -11321 - 1117?
-12438
In base 3, what is -101102111011 + -12211?
-101102200222
In base 10, what is 6209210 - 0?
6209210
In base 3, what is 11110 - 2221011?
-2202201
In base 4, what is -110311 + -123022?
-233333
In base 8, what is -34121 + 33417?
-502
In base 4, what is -11 + 1023200031002?
1023200030331
In base 6, what is -451 + -15154152?
-15155043
In base 16, what is 13172b26 - -1?
13172b27
In base 10, what is -2158748 + -17?
-2158765
In base 4, what is 33221112 - 110230?
33110222
In base 7, what is -5442 - 4122?
-12564
In base 6, what is -4442021552 + 1?
-4442021551
In base 5, what is -14303312213 + -1?
-14303312214
In base 16, what is 18a + 2490?
261a
In base 11, what is 1a49355 - 10?
1a49345
In base 3, what is 20 + 10210201020012?
10210201020102
In base 3, what is 1 - -121100012101002112?
121100012101002120
In base 7, what is -133050 + 41234?
-61513
In base 15, what is 11e - -84?
1a3
In base 13, what is -10041 - -338?
-ca06
In base 15, what is -6 + 124e55?
124e4e
In base 15, what is 154c + -ac57?
-970a
In base 10, what is 2527986 - -1?
2527987
In base 12, what is -5045b - a0?
-5053b
In base 16, what is e0 - -1ea6?
1f86
In base 13, what is 18b - -6800?
698b
In base 3, what is 10212012211202212 - -20?
10212012211210002
In base 11, what is -118028 + -69?
-118096
In base 8, what is 36065 - 6707?
27156
In base 3, what is -1200 - -10200002122?
10200000222
In base 9, what is -2 - 114733431?
-114733433
In base 5, what is 24 - -10232423333?
10232423412
In base 7, what is 24561311 - 45?
24561233
In base 6, what is -414024201 + -31?
-414024232
In base 12, what is -302b9908 + -1?
-302b9909
In base 10, what is -5474 + -5928?
-11402
In base 6, what is 14 - -1013245121?
1013245135
In base 4, what is -112 + -10100200122?
-10100200300
In base 12, what is ba085 + 1?
ba086
In base 5, what is -2113212001 - 110?
-2113212111
In base 11, what is 850 + 1546?
2296
In base 5, what is -114 - 104004243?
-104004412
In base 5, what is 0 - -441313201?
441313201
In base 15, what is -2b123 - 65?
-2b188
In base 8, what is 3140 - -140466?
143626
In base 3, what is -121 - 100211110220?
-100211111111
In base 11, what is 1 - -14032a13?
14032a14
In base 13, what is -225c64 - -4?
-225c60
In base 2, what is 1011 - 1101100101001011110100000?
-1101100101001011110010101
In base 11, what is -1 + 69795a6?
69795a5
In base 3, what is -22112220 - 1212011020?
-2011201010
In base 15, what is 3 + 6e9560d?
6e95611
In base 6, what is -35 - 531311?
-531350
In base 9, what is -1256408572 + -3?
-1256408575
In base 9, what is -325 - -8142?
7716
In base 12, what is 58416 + -2a0?
58136
In base 8, what is -52127132 + -4?
-52127136
In base 9, what is 62638581 + -5?
62638575
In base 11, what is 74a1112 + 1?
74a1113
In base 13, what is 234 - -421463?
421697
In base 10, what is 241 - -2856?
3097
In base 15, what is -1b + d5c426?
d5c40a
In base 12, what is -567084a2 + -4?
-567084a6
In base 5, what is -213010100 + -402?
-213011002
In base 5, what is 12332 + 303110?
320442
In base 4, what is -2 + -330300130221?
-330300130223
In base 3, what is 100120 + 20201021220?
20201122110
In base 4, what is 12 - 203312000011?
-203311333333
In base 14, what is 145304 + -a5?
14523d
In base 6, what is 101000 + -320031?
-215031
In base 6, what is 1 + 1332213535?
1332213540
In base 12, what is 7 - -34a75b?
34a766
In base 15, what is -1 - c2cc?
-c2cd
In base 8, what is 1066552 + 47?
1066621
In base 13, what is 8 - -354382?
35438a
In base 13, what is -2c69b510 - -2?
-2c69b50b
In base 7, what is -63114 + -600?
-64014
In base 13, what is -44b22 + 90?
-44a62
In base 6, what is -1102020 + -11001?
-1113021
In base 2, what is -100111100 + 1000101101101010001001?
1000101101100101001101
In base 7, what is 2 - 1312655546?
-1312655544
In base 16, what is 21d65486 + -4?
21d65482
In base 8, what is -6014020 - 15?
-6014035
In base 2, what is 101 - 1101001100111010010001?
-1101001100111010001100
In base 5, what is 240001204142 + 2?
240001204144
In base 6, what is 2 - -4233033015?
4233033021
In base 5, what is 2021 - 4241414?
-4234343
In base 4, what is -1102330 - 221123?
-1330113
In base 15, what is 109746 + -3a?
10970b
In base 2, what is 11011111011 - 101001110011?
-1101111000
In base 9, what is -76 - -1126262?
1126175
In base 13, what is 80 - -2044b?
204cb
In base 13, what is 24cb87 - 103?
24ca84
In base 3, what is 1011121202001 + 22000?
1011122001001
In base 14, what is -4 + 1b2b8d5?
1b2b8d1
In base 9, what is -16317 + 3321?
-12886
In base 9, what is 184 - -828107?
828302
In base 4, what is -1131100103 + 1?
-1131100102
In base 5, what is -23214032 - 1441?
-23221023
In base 16, what is -e1 + 5a3a?
5959
In base 7, what is -133562311 - 1?
-133562312
In base 12, what is -3 + 10859917b?
108599178
In base 13, what is 3c002459 - 3?
3c002456
In base 10, what is -87 + 58332?
58245
In base 15, what is 5 - 1c14c6?
-1c14c1
In base 15, what is -a79 + 847?
-232
In base 10, what is -3933312 + 5?
-3933307
In base 3, what is -100121000 - 120101?
-101011101
In base 6, what is -2 + 2023041305?
2023041303
In base 14, what is 51421b8 - 4?
51421b4
In base 14, what is -9885 - -9a?
-97c9
In base 6, what is 1 + -12345441?
-12345440
In base 16, what is 89f - -1ce69?
1d708
In base 5, what is -2324432320 + 331?
-2324431434
In base 10, what is -3020964 - -3?
-3020961
In base 8, what is 142 + 1313213?
1313355
In base 3, what is -10020 - -222200012212?
222200002122
In base 10, what is 279 + 22102?
22381
In base 8, what is 7354004 - 0?
7354004
In base 2, what is -1010001101001 - -111001111000001?
101111101011000
In base 13, what is -2211 - -4c7?
-1a17
In base 8, what is -5 - 2424423051?
-2424423056
In base 4, what is -101 - 3003120103?
-3003120210
In base 4, what is 2031 + 1111210230?
1111212321
In base 6, what is -450121 - 202435?
-1053000
In base 9, what is 20805824 + 35?
20805860
In base 4, what is -10 - -23320020301?
23320020231
In base 6, what is 3 + -5352500241?
-5352500234
In base 3, what is -210101020 - 10020022200?
-11000200220
In base 7, what is 156 - -44330224?
44330413
In base 8, 